 - -18. Suppose v*w - 40 = 4*w. What is the greatest common divisor of w and 32?
8
Let z(c) = 5*c**2 - 2*c + 1. Let p be z(3). Let b be -5 - 5/(25/(-65)). What is the greatest common divisor of b and p?
8
Let m be (4 + -2)/(6/69). What is the highest common divisor of m and 115?
23
Suppose 0*d - 6*d = -90. Suppose -2*z + 2*n + 0 = -18, -z + 15 = 5*n. What is the highest common factor of z and d?
5
Let o(w) = w**2 - 6*w - 4. Let t be o(8). Calculate the greatest common divisor of 12 and t.
12
Suppose g - 20 = -5*i, -22 = -3*g + g - 4*i. Let k(h) = 4*h - 2. Let a be k(g). What is the highest common factor of 72 and a?
18
Suppose -189 = -5*c - 14. Calculate the greatest common divisor of 280 and c.
35
Suppose 2*h = -y - 10, -2 = 2*h + h - 5*y. Let b be (h - -2) + 0 + 114. What is the highest common divisor of b and 14?
14
Let v be ((-6)/9)/(4/6). Let h(g) = 47*g**3 - 2*g - 1. Let y be h(v). Let r = y - -67. Calculate the highest common divisor of r and 7.
7
Let f = 46 - 18. Suppose -5*l + f = -l. Let z = 9 - -19. Calculate the highest common factor of z and l.
7
Let s = 328 + -185. What is the highest common divisor of 11 and s?
11
Let a = -11 + 14. Let w(t) = t**3 - 2*t**2 + 2. Let l be w(2). What is the highest common factor of l and a?
1
Let d(b) = 2*b**2 - 8*b + 11. Let l be d(6). What is the greatest common factor of 14 and l?
7
Let a = 82 + -28. Calculate the greatest common divisor of a and 135.
27
Let u be 9/(-2) - (-5)/(-10). Let v be 3 + -4 + (-2 - u). Calculate the greatest common divisor of 14 and v.
2
Suppose -3*v + 562 = 127. Suppose z - v = -3*y, -y - 619 = -6*z + 2*z. What is the greatest common divisor of z and 22?
22
Let b = -16 - -24. Calculate the highest common divisor of 72 and b.
8
Let w(x) = -x**2 - 5*x. Let i be w(-7). Let b be 1*i*2/(-4). What is the greatest common factor of b and 7?
7
Let u(o) = 8*o - 13*o + 4*o. Let n be u(-12). What is the highest common factor of n and 8?
4
Let t(u) = u**3 + 8*u**2 - 11*u. Let k be t(-9). What is the highest common factor of 54 and k?
18
Suppose -11*d = -7*d - 72. Calculate the greatest common factor of d and 126.
18
Let x be 270/(-36)*(-4)/5. Calculate the highest common factor of x and 12.
6
Let y = 4 - 3. Suppose 13 - y = 4*v. Suppose -v*a + 231 = -0*a. Calculate the greatest common factor of a and 7.
7
Let d = -129 - -193. What is the highest common divisor of 96 and d?
32
Let l(v) = v**2 - 2*v + 1. Let z be l(3). Suppose -26 = -2*s - 2*i, 12 = -z*s + 2*i + 64. Calculate the greatest common divisor of 104 and s.
13
Let s(a) = a - 1. Let z(d) = 5*d - 8. Let b(l) = 6*s(l) - z(l). Let u be b(-3). Let k be (u*2 + 0)*-12. What is the highest common factor of 6 and k?
6
Let v(d) = -d**2 + 7*d - 3. Let s be v(6). Let b = s + 1. Suppose 65 = b*f - 55. Calculate the greatest common divisor of 12 and f.
6
Let b = -5 + 3. Let v be (b/(-2))/(2/46). Suppose 5*j - v = -3. Calculate the highest common divisor of 32 and j.
4
Let i = 37 - 1. Let m(j) = 3*j**2 + j + 2. Let z be m(-2). Calculate the greatest common factor of z and i.
12
Let q(o) = o**2 + 14*o - 10. Let f be q(-15). What is the greatest common divisor of f and 35?
5
Let t = 130 + -73. Let u(m) = 2*m**2 - 3*m + 3. Let c be u(5). What is the highest common divisor of t and c?
19
Let h = -7 + 87. Let a(i) = 11*i - 1. Let c be a(1). Suppose c = -3*k + 4*k. Calculate the highest common divisor of k and h.
10
Suppose 0 = -5*g + 5, 3*j - g + 4 = 72. What is the highest common divisor of j and 253?
23
Let h be 27 + -3 - (-2)/(-4)*2. What is the greatest common factor of 184 and h?
23
Let g(b) = 8*b**2 + 4*b - 4. Let r be g(4). Let y = r - 78. What is the greatest common divisor of 93 and y?
31
Let w = -15 + 16. Let o be (-8 - -3)/w*-3. What is the greatest common factor of 6 and o?
3
Let w be (-6)/4*88/(-12). Suppose -13 - w = -4*j. Let x be 1/4 - 118/(-8). What is the highest common factor of j and x?
3
Let n = -10 - -18. Suppose 0 = 3*u + 3*o + 15, 5*o + n = -2*u - 17. Suppose -5*z = u, -2*h = 3*z - 9 + 1. Calculate the greatest common divisor of h and 28.
4
Let f = -11 + 16. Let w be 2/4 - 27/(-6). Suppose -w*l + 3*r = -40, 3*l + 4*r - 5 = 2*r. Calculate the highest common divisor of l and f.
5
Suppose -4*g = -12 - 0. Let z = -13 + 16. Calculate the greatest common divisor of g and z.
3
Suppose -5*m - 5 = -i + 2, 2*i - 2*m = -26. Let g be (i/8)/((-2)/(-8)). Let a = -7 - g. What is the highest common divisor of a and 16?
2
Suppose -8 = -4*a + 32. Let t be a/(-35) + 1194/14. Calculate the highest common factor of t and 17.
17
Suppose 2*q - q + 2*b - 14 = 0, 0 = 2*q + b - 34. What is the highest common divisor of q and 90?
18
Let j(m) = 5*m - 46. Let o be j(14). Let k(x) = 4*x + 4. Let h be k(8). Calculate the greatest common factor of h and o.
12
Let b be 13 + (84/72 - 2/12). What is the greatest common divisor of b and 35?
7
Let l = 169 - 75. Suppose 5*q + l = -5*i - 26, 5*i = 2*q + 27. Let h = q + 31. Calculate the greatest common divisor of h and 70.
10
Suppose -8*s + 4*s + 16 = 0. Calculate the highest common factor of s and 1.
1
Let x be ((-6)/(-4))/((-3)/44). Let l = -12 - x. Let r = 10 - -5. What is the greatest common divisor of r and l?
5
Suppose -5*p + 39 + 26 = 0. Let o = -1 + p. What is the greatest common factor of 3 and o?
3
Suppose -2*x - 4 = p - x, -3*p - 4*x - 13 = 0. Let r be (-6 + 18)*p/(-9). Calculate the highest common divisor of 20 and r.
4
Suppose -4*g = -2*x + 18, 5*x - 3*x - 2*g - 12 = 0. Suppose 0 = -x*u + 3 + 9. Calculate the highest common factor of u and 8.
4
Let s be (-10)/(-2) - (-1 + 4). Let r = 22 - 12. What is the highest common divisor of s and r?
2
Suppose 0 = -o + 13 - 44. Let t = o + 46. Suppose -2*m + 243 = -k, 4*k - 585 = -5*m - k. What is the greatest common divisor of t and m?
15
Let j be (-9)/9 + 3/((-6)/(-32)). What is the highest common divisor of j and 135?
15
Suppose -s + 53 = -151. Calculate the greatest common divisor of s and 34.
34
Let q(p) = 3*p**2 + 7*p - 12. Let w be q(-9). Let d = 238 - w. Calculate the greatest common factor of 10 and d.
10
Let d(x) = 7*x - 14. Let a be d(4). Calculate the highest common divisor of 70 and a.
14
Let x(r) = 2*r**2 - 9*r - 2. Let h be x(7). Calculate the highest common factor of 363 and h.
33
Let t(j) = -j**3 + 8*j**2 - 5*j - 8. Let a be t(7). Let u be (80/(-8))/((-2)/a). Calculate the highest common factor of u and 45.
15
Let x be 13 + (-8)/24*(-15 - 0). Let w = 0 - -18. What is the highest common factor of x and w?
18
Let g be 12/(-8)*8/(-6). Suppose 0 = 3*w + g*w + 20. Let a be (w/(-8))/(1/8). What is the greatest common factor of a and 4?
4
Suppose 17*r + i = 12*r + 327, -141 = -2*r + 3*i. Suppose 4 + 26 = 5*o. What is the greatest common divisor of r and o?
6
Let s be (18/7)/(1/(-28)*-6). Suppose -4*v - 5*z = -341, -3*v - v + z = -335. What is the greatest common factor of v and s?
12
Suppose 1 = -y + 2*v, -6*y + 5*v - 10 = -2*y. Let a = 10 + y. Suppose -3*c - 222 = -5*p - 6*c, -2*c = -2*p + 92. What is the greatest common divisor of a and p?
5
Suppose -3*g + 14 = -2*g. Calculate the highest common factor of g and 112.
14
Suppose -96 = 3*s - 6*s. What is the highest common divisor of s and 4?
4
Let d(z) = 4*z**3 - z + 1. Let j be d(1). Let h be ((-2)/j)/((-1)/12). Suppose -3*q - p + 86 = 0, -h = -3*p - 18. What is the highest common factor of q and 10?
10
Let a(z) = 0 + 11 + z**2 - 4*z - 3. Suppose -6 = 3*m - 24. Let d be a(m). What is the greatest common factor of d and 10?
10
Let x = -141 - -178. Calculate the greatest common divisor of x and 111.
37
Let s(u) = 2*u**3 + 16*u**2 + 9*u. Let f(x) = x**3 + 8*x**2 + 4*x. Let t(b) = -5*f(b) + 2*s(b). Let k be t(-8). What is the greatest common factor of 112 and k?
16
Let a = 14 - -10. What is the highest common divisor of 3 and a?
3
Let r = 7 + -9. Let z be 451/3 + r/6. Suppose 2*b + z = 7*b. Calculate the greatest common divisor of 10 and b.
10
Suppose 4*g + 4*q = 2*q + 24, 5*g - 4*q - 30 = 0. Let y be 4/((-1)/((-15)/g)). What is the greatest common factor of 4 and y?
2
Let j be (-10)/(200/252)*10/(-3). Let f be 41/3 + 1/3. What is the highest common divisor of f and j?
14
Suppose -d + n = -136, -4*n + 536 = 3*d + d. What is the greatest common factor of d and 15?
15
Let c = 1 + 1. Suppose -c*n -